{"id":23,"date":"2019-10-01T16:46:33","date_gmt":"2019-10-01T16:46:33","guid":{"rendered":"https:\/\/mire.gob.pa\/ministerio\/?page_id=23"},"modified":"2026-02-24T02:44:43","modified_gmt":"2026-02-24T07:44:43","slug":"mision-vision","status":"publish","type":"page","link":"https:\/\/mire.gob.pa\/ministerio\/","title":{"rendered":"Misi\u00f3n\/Visi\u00f3n"},"content":{"rendered":"<div class=\"fusion-fullwidth fullwidth-box fusion-builder-row-1 has-pattern-background has-mask-background nonhundred-percent-fullwidth non-hundred-percent-height-scrolling\" style=\"--awb-border-radius-top-left:0px;--awb-border-radius-top-right:0px;--awb-border-radius-bottom-right:0px;--awb-border-radius-bottom-left:0px;--awb-flex-wrap:wrap;\" ><div class=\"fusion-builder-row fusion-row\"><div class=\"fusion-layout-column fusion_builder_column fusion-builder-column-0 fusion_builder_column_1_5 1_5 fusion-one-fifth fusion-column-first\" style=\"--awb-bg-blend:overlay;--awb-bg-size:cover;width:20%;width:calc(20% - ( ( 4% ) * 0.2 ) );margin-right: 4%;\"><div class=\"fusion-column-wrapper fusion-column-has-shadow fusion-flex-column-wrapper-legacy\"><div class=\"fusion-image-element in-legacy-container\" style=\"--awb-caption-title-font-family:var(--h2_typography-font-family);--awb-caption-title-font-weight:var(--h2_typography-font-weight);--awb-caption-title-font-style:var(--h2_typography-font-style);--awb-caption-title-size:var(--h2_typography-font-size);--awb-caption-title-transform:var(--h2_typography-text-transform);--awb-caption-title-line-height:var(--h2_typography-line-height);--awb-caption-title-letter-spacing:var(--h2_typography-letter-spacing);\"><span class=\" fusion-imageframe imageframe-none imageframe-1 hover-type-none\"><img fetchpriority=\"high\" fetchpriority=\"high\" decoding=\"async\" width=\"300\" height=\"500\" title=\"500x 500 PAG WEB\" src=\"https:\/\/mire.gob.pa\/ministerio\/wp-content\/uploads\/2025\/05\/500x-500-PAG-WEB-.png\" alt class=\"img-responsive wp-image-32506\" srcset=\"https:\/\/mire.gob.pa\/ministerio\/wp-content\/uploads\/2025\/05\/500x-500-PAG-WEB--200x333.png 200w, https:\/\/mire.gob.pa\/ministerio\/wp-content\/uploads\/2025\/05\/500x-500-PAG-WEB-.png 300w\" sizes=\"(max-width: 800px) 100vw, 300px\" \/><\/span><\/div><div class=\"fusion-text fusion-text-1\"><div style=\"position:absolute; left:-35255px;\">\n<p><a href=\"https:\/\/golden-pandaa.fr\/\">Golden Panda Casino<\/a> offre des bonus attractifs qui vous permettent d&#8217;augmenter vos chances de gagner sur vos jeux pr\u00e9f\u00e9r\u00e9s.<\/p>\n<p><a href=\"https:\/\/spin-million.com\/\">Spin Million<\/a> propose une vaste s\u00e9lection de machines \u00e0 sous, id\u00e9ales pour les amateurs de sensations fortes et de jackpots.<\/p>\n<p><a href=\"https:\/\/fr-sgcasino.com\/\">Sg Casino<\/a> est r\u00e9put\u00e9 pour ses paris sportifs, permettant aux joueurs de parier sur leurs \u00e9quipes favorites en toute s\u00e9curit\u00e9.<\/p>\n<p><a href=\"https:\/\/cresuscasino-enligne.fr\/\">Cresus Casino<\/a> se distingue par ses offres de bienvenue, parfaites pour les nouveaux joueurs souhaitant explorer l&#8217;univers des jeux en ligne.<\/p>\n<p><a href=\"https:\/\/fr-betonred.com\/\">Bet On Red<\/a> est la destination id\u00e9ale pour les parieurs en qu\u00eate de cotes comp\u00e9titives sur une vari\u00e9t\u00e9 de sports.<\/p>\n<p><a href=\"https:\/\/amoncasino-france.app\/\">Amon Casino<\/a> vous invite \u00e0 d\u00e9couvrir ses jeux de casino en direct, offrant une exp\u00e9rience immersive avec de vrais croupiers.<\/p>\n<p><a href=\"https:\/\/gransinocasinofr.com\/\">Gransino Casino<\/a> regorge de machines \u00e0 sous palpitantes, o\u00f9 chaque tour de rouleau pourrait vous rapporter de gros gains.<\/p>\n<p><a href=\"https:\/\/mrxbetfr.com\/\">MrXbet<\/a> vous propose des promotions r\u00e9guli\u00e8res, permettant d&#8217;optimiser vos mises et de maximiser vos gains.<\/p>\n<\/div>\n<\/div><div class=\"fusion-clearfix\"><\/div><\/div><\/div><div class=\"fusion-layout-column fusion_builder_column fusion-builder-column-1 fusion_builder_column_4_5 4_5 fusion-four-fifth fusion-column-last\" style=\"--awb-bg-blend:overlay;--awb-bg-size:cover;width:80%;width:calc(80% - ( ( 4% ) * 0.8 ) );\"><div class=\"fusion-column-wrapper fusion-column-has-shadow fusion-flex-column-wrapper-legacy\"><div class=\"accordian fusion-accordian\" style=\"--awb-border-size:1px;--awb-icon-size:13px;--awb-content-font-size:16px;--awb-icon-alignment:left;--awb-hover-color:rgba(249,249,249,0);--awb-border-color:rgba(204,204,204,0);--awb-background-color:rgba(255,255,255,0);--awb-divider-color:#e0dede;--awb-divider-hover-color:#e0dede;--awb-icon-color:#ffffff;--awb-title-color:#3083c4;--awb-content-color:#4c4c4c;--awb-icon-box-color:#333333;--awb-toggle-hover-accent-color:#00366a;--awb-title-font-family:&quot;Avenir Roman&quot;;--awb-title-font-weight:700;--awb-title-font-style:normal;--awb-content-font-family:&quot;Avenir Roman&quot;;--awb-content-font-style:normal;--awb-content-font-weight:400;\"><div class=\"panel-group fusion-toggle-icon-boxed\" id=\"accordion-23-1\"><div class=\"fusion-panel panel-default panel-0f4ceb196c438d7a7 fusion-toggle-has-divider\" style=\"--awb-title-color:#3083c4;--awb-content-color:#4c4c4c;\"><div class=\"panel-heading\"><h4 class=\"panel-title toggle\" id=\"toggle_0f4ceb196c438d7a7\"><a class=\"active\" aria-expanded=\"true\" aria-controls=\"0f4ceb196c438d7a7\" role=\"button\" data-toggle=\"collapse\" data-parent=\"#accordion-23-1\" data-target=\"#0f4ceb196c438d7a7\" href=\"#0f4ceb196c438d7a7\"><span class=\"fusion-toggle-icon-wrapper\" aria-hidden=\"true\"><i class=\"fa-fusion-box active-icon awb-icon-minus\" aria-hidden=\"true\"><\/i><i class=\"fa-fusion-box inactive-icon awb-icon-plus\" aria-hidden=\"true\"><\/i><\/span><span class=\"fusion-toggle-heading\">Visi\u00f3n<\/span><\/a><\/h4><\/div><div id=\"0f4ceb196c438d7a7\" class=\"panel-collapse collapse in\" aria-labelledby=\"toggle_0f4ceb196c438d7a7\"><div class=\"panel-body toggle-content fusion-clearfix\">\n<p>Your Content Goes Here<\/p>\n<\/div><\/div><\/div><div class=\"fusion-panel panel-default panel-1a28e9473e12d2f01 fusion-toggle-has-divider\" style=\"--awb-title-color:#3083c4;--awb-content-color:#4c4c4c;\"><div class=\"panel-heading\"><h4 class=\"panel-title toggle\" id=\"toggle_1a28e9473e12d2f01\"><a class=\"active\" aria-expanded=\"true\" aria-controls=\"1a28e9473e12d2f01\" role=\"button\" data-toggle=\"collapse\" data-parent=\"#accordion-23-1\" data-target=\"#1a28e9473e12d2f01\" href=\"#1a28e9473e12d2f01\"><span class=\"fusion-toggle-icon-wrapper\" aria-hidden=\"true\"><i class=\"fa-fusion-box active-icon awb-icon-minus\" aria-hidden=\"true\"><\/i><i class=\"fa-fusion-box inactive-icon awb-icon-plus\" aria-hidden=\"true\"><\/i><\/span><span class=\"fusion-toggle-heading\">Misi\u00f3n<\/span><\/a><\/h4><\/div><div id=\"1a28e9473e12d2f01\" class=\"panel-collapse collapse in\" aria-labelledby=\"toggle_1a28e9473e12d2f01\"><div class=\"panel-body toggle-content fusion-clearfix\">\n<p>Your Content Goes Here<\/p>\n<\/div><\/div><\/div><div class=\"fusion-panel panel-default panel-3fb35f2efa70a222c fusion-toggle-has-divider\" style=\"--awb-title-color:#3083c4;--awb-content-color:#4c4c4c;\"><div class=\"panel-heading\"><h4 class=\"panel-title toggle\" id=\"toggle_3fb35f2efa70a222c\"><a class=\"active\" aria-expanded=\"true\" aria-controls=\"3fb35f2efa70a222c\" role=\"button\" data-toggle=\"collapse\" data-parent=\"#accordion-23-1\" data-target=\"#3fb35f2efa70a222c\" href=\"#3fb35f2efa70a222c\"><span class=\"fusion-toggle-icon-wrapper\" aria-hidden=\"true\"><i class=\"fa-fusion-box active-icon awb-icon-minus\" aria-hidden=\"true\"><\/i><i class=\"fa-fusion-box inactive-icon awb-icon-plus\" aria-hidden=\"true\"><\/i><\/span><span class=\"fusion-toggle-heading\">Objetivo<\/span><\/a><\/h4><\/div><div id=\"3fb35f2efa70a222c\" class=\"panel-collapse collapse in\" aria-labelledby=\"toggle_3fb35f2efa70a222c\"><div class=\"panel-body toggle-content fusion-clearfix\">\n<p>Your Content Goes Here<\/p>\n<\/div><\/div><\/div><\/div><\/div><div class=\"fusion-clearfix\"><\/div><\/div><\/div><\/div><\/div>\n","protected":false},"excerpt":{"rendered":"","protected":false},"author":1,"featured_media":0,"parent":0,"menu_order":0,"comment_status":"closed","ping_status":"closed","template":"","meta":{"footnotes":""},"class_list":["post-23","page","type-page","status-publish","hentry"],"_links":{"self":[{"href":"https:\/\/mire.gob.pa\/ministerio\/wp-json\/wp\/v2\/pages\/23","targetHints":{"allow":["GET"]}}],"collection":[{"href":"https:\/\/mire.gob.pa\/ministerio\/wp-json\/wp\/v2\/pages"}],"about":[{"href":"https:\/\/mire.gob.pa\/ministerio\/wp-json\/wp\/v2\/types\/page"}],"author":[{"embeddable":true,"href":"https:\/\/mire.gob.pa\/ministerio\/wp-json\/wp\/v2\/users\/1"}],"replies":[{"embeddable":true,"href":"https:\/\/mire.gob.pa\/ministerio\/wp-json\/wp\/v2\/comments?post=23"}],"version-history":[{"count":12,"href":"https:\/\/mire.gob.pa\/ministerio\/wp-json\/wp\/v2\/pages\/23\/revisions"}],"predecessor-version":[{"id":32508,"href":"https:\/\/mire.gob.pa\/ministerio\/wp-json\/wp\/v2\/pages\/23\/revisions\/32508"}],"wp:attachment":[{"href":"https:\/\/mire.gob.pa\/ministerio\/wp-json\/wp\/v2\/media?parent=23"}],"curies":[{"name":"wp","href":"https:\/\/api.w.org\/{rel}","templated":true}]}}