{"id":850,"date":"2019-07-29T18:20:30","date_gmt":"2019-07-29T16:20:30","guid":{"rendered":"https:\/\/mire.gob.pa\/multimedia\/?page_id=850"},"modified":"2019-11-22T20:33:15","modified_gmt":"2019-11-22T19:33:15","slug":"fotos","status":"publish","type":"page","link":"https:\/\/mire.gob.pa\/multimedia\/fotos\/","title":{"rendered":"FOTOS"},"content":{"rendered":"<div class=\"fusion-fullwidth fullwidth-box fusion-builder-row-1 nonhundred-percent-fullwidth non-hundred-percent-height-scrolling\" style=\"background-color: rgba(255,255,255,0);background-position: center center;background-repeat: no-repeat;padding-top:0px;padding-right:0px;padding-bottom:0px;padding-left:0px;margin-bottom: 0px;margin-top: 20px;border-width: 0px 0px 0px 0px;border-color:#eae9e9;border-style:solid;\" ><div class=\"fusion-builder-row fusion-row\"><div class=\"fusion-layout-column fusion_builder_column fusion-builder-column-0 fusion_builder_column_1_1 1_1 fusion-one-full fusion-column-first fusion-column-last\" style=\"margin-top:0px;margin-bottom:0px;\"><div class=\"fusion-column-wrapper fusion-flex-column-wrapper-legacy\" style=\"background-position:left top;background-repeat:no-repeat;-webkit-background-size:cover;-moz-background-size:cover;-o-background-size:cover;background-size:cover;padding: 0px 0px 0px 0px;\"><div class=\"fusion-recent-posts fusion-recent-posts-1 avada-container layout-default layout-columns-3\"><section class=\"fusion-columns columns fusion-columns-3 columns-3\"><article class=\"post fusion-column column col col-lg-4 col-md-4 col-sm-4\"><div class=\"fusion-flexslider fusion-flexslider-loading flexslider flexslider-hover-type-none\"><ul class=\"slides\"><li><a href=\"https:\/\/mire.gob.pa\/multimedia\/canciller-ferrer-recibe-a-subsecretario-kozak\/\" aria-label=\"CANCILLER FERRER RECIBE A SUBSCRETARIO KOZAK\" class=\"hover-type-none\"><img decoding=\"async\" width=\"700\" height=\"441\" src=\"https:\/\/mire.gob.pa\/multimedia\/wp-content\/uploads\/2019\/10\/IMG-20191018-WA0134-700x441.jpg\" class=\"attachment-recent-posts size-recent-posts\" alt=\"\" srcset=\"https:\/\/mire.gob.pa\/multimedia\/wp-content\/uploads\/2019\/10\/IMG-20191018-WA0134-320x202.jpg 320w, https:\/\/mire.gob.pa\/multimedia\/wp-content\/uploads\/2019\/10\/IMG-20191018-WA0134-700x441.jpg 700w\" sizes=\"(max-width: 700px) 100vw, 700px\" \/><\/a><\/li><\/ul><\/div><div class=\"recent-posts-content\"><span class=\"vcard\" style=\"display: none;\"><span class=\"fn\"><a href=\"https:\/\/mire.gob.pa\/multimedia\/author\/jbagonzalez\/\" title=\"Entradas de jbagonzalez\" rel=\"author\">jbagonzalez<\/a><\/span><\/span><span class=\"updated\" style=\"display:none;\">2019-11-22T16:32:03+01:00<\/span><h4 class=\"entry-title\"><a href=\"https:\/\/mire.gob.pa\/multimedia\/canciller-ferrer-recibe-a-subsecretario-kozak\/\">CANCILLER FERRER RECIBE A SUBSCRETARIO KOZAK<\/a><\/h4><\/div><\/article><article class=\"post fusion-column column col col-lg-4 col-md-4 col-sm-4\"><div class=\"fusion-flexslider fusion-flexslider-loading flexslider flexslider-hover-type-none\"><ul class=\"slides\"><li><a href=\"https:\/\/mire.gob.pa\/multimedia\/acto-conmemorativo-de-los-40-anos-de-entrada-en-vigencia-de-los-tratados-torrijos-carter\/\" aria-label=\"ACTO CONMEMORATIVO DE LOS 40 A\u00d1OS DE ENTRADA EN VIGENCIA DE LOS TRATADOS TORRIJOS-CARTER\" class=\"hover-type-none\"><img decoding=\"async\" width=\"640\" height=\"441\" src=\"https:\/\/mire.gob.pa\/multimedia\/wp-content\/uploads\/2019\/10\/thumbnail_AA74I2697-640x441.jpg\" class=\"attachment-recent-posts size-recent-posts\" alt=\"\" \/><\/a><\/li><\/ul><\/div><div class=\"recent-posts-content\"><span class=\"vcard\" style=\"display: none;\"><span class=\"fn\"><a href=\"https:\/\/mire.gob.pa\/multimedia\/author\/jbagonzalez\/\" title=\"Entradas de jbagonzalez\" rel=\"author\">jbagonzalez<\/a><\/span><\/span><span class=\"updated\" style=\"display:none;\">2019-11-22T16:37:24+01:00<\/span><h4 class=\"entry-title\"><a href=\"https:\/\/mire.gob.pa\/multimedia\/acto-conmemorativo-de-los-40-anos-de-entrada-en-vigencia-de-los-tratados-torrijos-carter\/\">ACTO CONMEMORATIVO DE LOS 40 A\u00d1OS DE ENTRADA EN VIGENCIA DE LOS TRATADOS TORRIJOS-CARTER<\/a><\/h4><\/div><\/article><article class=\"post fusion-column column col col-lg-4 col-md-4 col-sm-4\"><div class=\"fusion-flexslider fusion-flexslider-loading flexslider flexslider-hover-type-none\"><ul class=\"slides\"><li><a href=\"https:\/\/mire.gob.pa\/multimedia\/vicecanciller-encargado-felicita-a-corea-en-su-dia-nacional\/\" aria-label=\"VICECANCILLER ENCARGADO FELICITA A COREA EN SU D\u00cdA NACIONAL\" class=\"hover-type-none\"><img decoding=\"async\" width=\"700\" height=\"441\" src=\"https:\/\/mire.gob.pa\/multimedia\/wp-content\/uploads\/2019\/10\/Corea-19-2-700x441.jpg\" class=\"attachment-recent-posts size-recent-posts\" alt=\"\" srcset=\"https:\/\/mire.gob.pa\/multimedia\/wp-content\/uploads\/2019\/10\/Corea-19-2-320x202.jpg 320w, https:\/\/mire.gob.pa\/multimedia\/wp-content\/uploads\/2019\/10\/Corea-19-2-700x441.jpg 700w\" sizes=\"(max-width: 700px) 100vw, 700px\" \/><\/a><\/li><\/ul><\/div><div class=\"recent-posts-content\"><span class=\"vcard\" style=\"display: none;\"><span class=\"fn\"><a href=\"https:\/\/mire.gob.pa\/multimedia\/author\/avaldes\/\" title=\"Entradas de Ammi Valdes\" rel=\"author\">Ammi Valdes<\/a><\/span><\/span><span class=\"updated\" style=\"display:none;\">2019-10-03T23:14:20+02:00<\/span><h4 class=\"entry-title\"><a href=\"https:\/\/mire.gob.pa\/multimedia\/vicecanciller-encargado-felicita-a-corea-en-su-dia-nacional\/\">VICECANCILLER ENCARGADO FELICITA A COREA EN SU D\u00cdA NACIONAL<\/a><\/h4><\/div><\/article><article class=\"post fusion-column column col col-lg-4 col-md-4 col-sm-4\"><div class=\"fusion-flexslider fusion-flexslider-loading flexslider flexslider-hover-type-none\"><ul class=\"slides\"><li><a href=\"https:\/\/mire.gob.pa\/multimedia\/funcionario-de-carrera-diplomatica-y-consular-es-designado-embajador-en-peru\/\" aria-label=\"FUNCIONARIO DE CARRERA DIPLOM\u00c1TICA Y CONSULAR ES DESIGNADO EMBAJADOR EN PER\u00da\" class=\"hover-type-none\"><img decoding=\"async\" width=\"700\" height=\"441\" src=\"https:\/\/mire.gob.pa\/multimedia\/wp-content\/uploads\/2019\/10\/19fb6fcf-fa3d-4f63-a200-94cd5e02d52b-700x441.jpg\" class=\"attachment-recent-posts size-recent-posts\" alt=\"\" srcset=\"https:\/\/mire.gob.pa\/multimedia\/wp-content\/uploads\/2019\/10\/19fb6fcf-fa3d-4f63-a200-94cd5e02d52b-320x202.jpg 320w, https:\/\/mire.gob.pa\/multimedia\/wp-content\/uploads\/2019\/10\/19fb6fcf-fa3d-4f63-a200-94cd5e02d52b-700x441.jpg 700w\" sizes=\"(max-width: 700px) 100vw, 700px\" \/><\/a><\/li><\/ul><\/div><div class=\"recent-posts-content\"><span class=\"vcard\" style=\"display: none;\"><span class=\"fn\"><a href=\"https:\/\/mire.gob.pa\/multimedia\/author\/avaldes\/\" title=\"Entradas de Ammi Valdes\" rel=\"author\">Ammi Valdes<\/a><\/span><\/span><span class=\"updated\" style=\"display:none;\">2019-11-22T17:22:19+01:00<\/span><h4 class=\"entry-title\"><a href=\"https:\/\/mire.gob.pa\/multimedia\/funcionario-de-carrera-diplomatica-y-consular-es-designado-embajador-en-peru\/\">FUNCIONARIO DE CARRERA DIPLOM\u00c1TICA Y CONSULAR ES DESIGNADO EMBAJADOR EN PER\u00da<\/a><\/h4><\/div><\/article><article class=\"post fusion-column column col col-lg-4 col-md-4 col-sm-4\"><div class=\"fusion-flexslider fusion-flexslider-loading flexslider flexslider-hover-type-none\"><ul class=\"slides\"><li><a href=\"https:\/\/mire.gob.pa\/multimedia\/cancilleria-respalda-campana-de-la-cinta-rosada-y-celeste\/\" aria-label=\"CANCILLER\u00cdA RESPALDA CAMPA\u00d1A DE LA CINTA ROSADA Y CELESTE\" class=\"hover-type-none\"><img decoding=\"async\" width=\"700\" height=\"441\" src=\"https:\/\/mire.gob.pa\/multimedia\/wp-content\/uploads\/2019\/10\/Campa\u00f1a-Cinta-RyC-6-700x441.jpg\" class=\"attachment-recent-posts size-recent-posts\" alt=\"\" srcset=\"https:\/\/mire.gob.pa\/multimedia\/wp-content\/uploads\/2019\/10\/Campa\u00f1a-Cinta-RyC-6-320x202.jpg 320w, https:\/\/mire.gob.pa\/multimedia\/wp-content\/uploads\/2019\/10\/Campa\u00f1a-Cinta-RyC-6-700x441.jpg 700w\" sizes=\"(max-width: 700px) 100vw, 700px\" \/><\/a><\/li><\/ul><\/div><div class=\"recent-posts-content\"><span class=\"vcard\" style=\"display: none;\"><span class=\"fn\"><a href=\"https:\/\/mire.gob.pa\/multimedia\/author\/avaldes\/\" title=\"Entradas de Ammi Valdes\" rel=\"author\">Ammi Valdes<\/a><\/span><\/span><span class=\"updated\" style=\"display:none;\">2019-10-03T17:50:15+02:00<\/span><h4 class=\"entry-title\"><a href=\"https:\/\/mire.gob.pa\/multimedia\/cancilleria-respalda-campana-de-la-cinta-rosada-y-celeste\/\">CANCILLER\u00cdA RESPALDA CAMPA\u00d1A DE LA CINTA ROSADA Y CELESTE<\/a><\/h4><\/div><\/article><article class=\"post fusion-column column col col-lg-4 col-md-4 col-sm-4\"><div class=\"fusion-flexslider fusion-flexslider-loading flexslider flexslider-hover-type-none\"><ul class=\"slides\"><li><a href=\"https:\/\/mire.gob.pa\/multimedia\/propanama-gestiona-beneficios-para-exportadores-nacionales\/\" aria-label=\"PROPANAM\u00c1 GESTIONA BENEFICIOS PARA EXPORTADORES NACIONALES\" class=\"hover-type-none\"><img decoding=\"async\" width=\"700\" height=\"441\" src=\"https:\/\/mire.gob.pa\/multimedia\/wp-content\/uploads\/2019\/10\/CONEXPORT-8-700x441.jpg\" class=\"attachment-recent-posts size-recent-posts\" alt=\"\" srcset=\"https:\/\/mire.gob.pa\/multimedia\/wp-content\/uploads\/2019\/10\/CONEXPORT-8-320x202.jpg 320w, https:\/\/mire.gob.pa\/multimedia\/wp-content\/uploads\/2019\/10\/CONEXPORT-8-700x441.jpg 700w\" sizes=\"(max-width: 700px) 100vw, 700px\" \/><\/a><\/li><\/ul><\/div><div class=\"recent-posts-content\"><span class=\"vcard\" style=\"display: none;\"><span class=\"fn\"><a href=\"https:\/\/mire.gob.pa\/multimedia\/author\/avaldes\/\" title=\"Entradas de Ammi Valdes\" rel=\"author\">Ammi Valdes<\/a><\/span><\/span><span class=\"updated\" style=\"display:none;\">2019-10-03T16:01:24+02:00<\/span><h4 class=\"entry-title\"><a href=\"https:\/\/mire.gob.pa\/multimedia\/propanama-gestiona-beneficios-para-exportadores-nacionales\/\">PROPANAM\u00c1 GESTIONA BENEFICIOS PARA EXPORTADORES NACIONALES<\/a><\/h4><\/div><\/article><article class=\"post fusion-column column col col-lg-4 col-md-4 col-sm-4\"><div class=\"fusion-flexslider fusion-flexslider-loading flexslider flexslider-hover-type-none\"><ul class=\"slides\"><li><a href=\"https:\/\/mire.gob.pa\/multimedia\/discurso-entrada-en-vigencia-de-los-tratados-torrijos-carter-2\/\" aria-label=\"DISCURSO &#8211; ENTRADA EN VIGENCIA DE LOS TRATADOS TORRIJOS CARTER\" class=\"hover-type-none\"><img decoding=\"async\" width=\"640\" height=\"441\" src=\"https:\/\/mire.gob.pa\/multimedia\/wp-content\/uploads\/2019\/10\/thumbnail_AA74I2697-640x441.jpg\" class=\"attachment-recent-posts size-recent-posts\" alt=\"\" \/><\/a><\/li><\/ul><\/div><div class=\"recent-posts-content\"><span class=\"vcard\" style=\"display: none;\"><span class=\"fn\"><a href=\"https:\/\/mire.gob.pa\/multimedia\/author\/jbagonzalez\/\" title=\"Entradas de jbagonzalez\" rel=\"author\">jbagonzalez<\/a><\/span><\/span><span class=\"updated\" style=\"display:none;\">2019-10-18T22:24:09+02:00<\/span><h4 class=\"entry-title\"><a href=\"https:\/\/mire.gob.pa\/multimedia\/discurso-entrada-en-vigencia-de-los-tratados-torrijos-carter-2\/\">DISCURSO &#8211; ENTRADA EN VIGENCIA DE LOS TRATADOS TORRIJOS CARTER<\/a><\/h4><\/div><\/article><article class=\"post fusion-column column col col-lg-4 col-md-4 col-sm-4\"><div class=\"recent-posts-content\"><span class=\"vcard\" style=\"display: none;\"><span class=\"fn\"><a href=\"https:\/\/mire.gob.pa\/multimedia\/author\/avaldes\/\" title=\"Entradas de Ammi Valdes\" rel=\"author\">Ammi Valdes<\/a><\/span><\/span><span class=\"updated\" style=\"display:none;\">2019-09-27T15:47:41+02:00<\/span><h4 class=\"entry-title\"><a href=\"https:\/\/mire.gob.pa\/multimedia\/consules-generales-de-panama-toman-posesion\/\">C\u00d3NSULES GENERALES DE PANAM\u00c1 TOMAN POSESI\u00d3N<\/a><\/h4><\/div><\/article><article class=\"post fusion-column column col col-lg-4 col-md-4 col-sm-4\"><div class=\"fusion-flexslider fusion-flexslider-loading flexslider flexslider-hover-type-none\"><ul class=\"slides\"><li><a href=\"https:\/\/mire.gob.pa\/multimedia\/panama-y-china-una-historia-compartida-y-un-destino-comun\/\" aria-label=\"PANAM\u00c1 Y CHINA: UNA HISTORIA COMPARTIDA Y UN DESTINO COM\u00daN\" class=\"hover-type-none\"><img decoding=\"async\" width=\"700\" height=\"441\" src=\"https:\/\/mire.gob.pa\/multimedia\/wp-content\/uploads\/2019\/09\/70-a\u00f1os-china-16-700x441.jpg\" class=\"attachment-recent-posts size-recent-posts\" alt=\"\" srcset=\"https:\/\/mire.gob.pa\/multimedia\/wp-content\/uploads\/2019\/09\/70-a\u00f1os-china-16-320x202.jpg 320w, https:\/\/mire.gob.pa\/multimedia\/wp-content\/uploads\/2019\/09\/70-a\u00f1os-china-16-700x441.jpg 700w\" sizes=\"(max-width: 700px) 100vw, 700px\" \/><\/a><\/li><\/ul><\/div><div class=\"recent-posts-content\"><span class=\"vcard\" style=\"display: none;\"><span class=\"fn\"><a href=\"https:\/\/mire.gob.pa\/multimedia\/author\/avaldes\/\" title=\"Entradas de Ammi Valdes\" rel=\"author\">Ammi Valdes<\/a><\/span><\/span><span class=\"updated\" style=\"display:none;\">2019-09-25T16:26:42+02:00<\/span><h4 class=\"entry-title\"><a href=\"https:\/\/mire.gob.pa\/multimedia\/panama-y-china-una-historia-compartida-y-un-destino-comun\/\">PANAM\u00c1 Y CHINA: UNA HISTORIA COMPARTIDA Y UN DESTINO COM\u00daN<\/a><\/h4><\/div><\/article><article class=\"post fusion-column column col col-lg-4 col-md-4 col-sm-4\"><div class=\"fusion-flexslider fusion-flexslider-loading flexslider flexslider-hover-type-none\"><ul class=\"slides\"><li><a href=\"https:\/\/mire.gob.pa\/multimedia\/panama-apoya-resoluciones-del-grupo-de-lima-del-grupo-internacional-de-contacto-y-del-organo-de-consulta-en-aplicacion-del-tratado-interamericano-de-asistencia-reciproca-sobre-la-crisis-de-venezuela\/\" aria-label=\"PANAM\u00c1 APOYA RESOLUCIONES DEL GRUPO DE LIMA, DEL GRUPO INTERNACIONAL DE CONTACTO Y DEL \u00d3RGANO DE CONSULTA EN APLICACI\u00d3N DEL TRATADO INTERAMERICANO DE ASISTENCIA REC\u00cdPROCA SOBRE LA CRISIS DE VENEZUELA.\" class=\"hover-type-none\"><img decoding=\"async\" width=\"700\" height=\"441\" src=\"https:\/\/mire.gob.pa\/multimedia\/wp-content\/uploads\/2019\/09\/IMG-20190924-WA0017-1-700x441.jpg\" class=\"attachment-recent-posts size-recent-posts\" alt=\"\" srcset=\"https:\/\/mire.gob.pa\/multimedia\/wp-content\/uploads\/2019\/09\/IMG-20190924-WA0017-1-320x202.jpg 320w, https:\/\/mire.gob.pa\/multimedia\/wp-content\/uploads\/2019\/09\/IMG-20190924-WA0017-1-700x441.jpg 700w\" sizes=\"(max-width: 700px) 100vw, 700px\" \/><\/a><\/li><li><a href=\"https:\/\/mire.gob.pa\/multimedia\/panama-apoya-resoluciones-del-grupo-de-lima-del-grupo-internacional-de-contacto-y-del-organo-de-consulta-en-aplicacion-del-tratado-interamericano-de-asistencia-reciproca-sobre-la-crisis-de-venezuela\/\" aria-label=\"PANAM\u00c1 APOYA RESOLUCIONES DEL GRUPO DE LIMA, DEL GRUPO INTERNACIONAL DE CONTACTO Y DEL \u00d3RGANO DE CONSULTA EN APLICACI\u00d3N DEL TRATADO INTERAMERICANO DE ASISTENCIA REC\u00cdPROCA SOBRE LA CRISIS DE VENEZUELA.\" class=\"hover-type-none\"><img decoding=\"async\" width=\"700\" height=\"441\" src=\"https:\/\/mire.gob.pa\/multimedia\/wp-content\/uploads\/2019\/09\/IMG-20190924-WA0016-700x441.jpg\" class=\"attachment-recent-posts size-recent-posts\" alt=\"\" srcset=\"https:\/\/mire.gob.pa\/multimedia\/wp-content\/uploads\/2019\/09\/IMG-20190924-WA0016-320x202.jpg 320w, https:\/\/mire.gob.pa\/multimedia\/wp-content\/uploads\/2019\/09\/IMG-20190924-WA0016-700x441.jpg 700w\" sizes=\"(max-width: 700px) 100vw, 700px\" \/><\/a><\/li><li><a href=\"https:\/\/mire.gob.pa\/multimedia\/panama-apoya-resoluciones-del-grupo-de-lima-del-grupo-internacional-de-contacto-y-del-organo-de-consulta-en-aplicacion-del-tratado-interamericano-de-asistencia-reciproca-sobre-la-crisis-de-venezuela\/\" aria-label=\"PANAM\u00c1 APOYA RESOLUCIONES DEL GRUPO DE LIMA, DEL GRUPO INTERNACIONAL DE CONTACTO Y DEL \u00d3RGANO DE CONSULTA EN APLICACI\u00d3N DEL TRATADO INTERAMERICANO DE ASISTENCIA REC\u00cdPROCA SOBRE LA CRISIS DE VENEZUELA.\" class=\"hover-type-none\"><img decoding=\"async\" width=\"700\" height=\"441\" src=\"https:\/\/mire.gob.pa\/multimedia\/wp-content\/uploads\/2019\/09\/IMG-20190924-WA0015-700x441.jpg\" class=\"attachment-recent-posts size-recent-posts\" alt=\"\" srcset=\"https:\/\/mire.gob.pa\/multimedia\/wp-content\/uploads\/2019\/09\/IMG-20190924-WA0015-320x202.jpg 320w, https:\/\/mire.gob.pa\/multimedia\/wp-content\/uploads\/2019\/09\/IMG-20190924-WA0015-700x441.jpg 700w\" sizes=\"(max-width: 700px) 100vw, 700px\" \/><\/a><\/li><li><a href=\"https:\/\/mire.gob.pa\/multimedia\/panama-apoya-resoluciones-del-grupo-de-lima-del-grupo-internacional-de-contacto-y-del-organo-de-consulta-en-aplicacion-del-tratado-interamericano-de-asistencia-reciproca-sobre-la-crisis-de-venezuela\/\" aria-label=\"PANAM\u00c1 APOYA RESOLUCIONES DEL GRUPO DE LIMA, DEL GRUPO INTERNACIONAL DE CONTACTO Y DEL \u00d3RGANO DE CONSULTA EN APLICACI\u00d3N DEL TRATADO INTERAMERICANO DE ASISTENCIA REC\u00cdPROCA SOBRE LA CRISIS DE VENEZUELA.\" class=\"hover-type-none\"><img decoding=\"async\" width=\"700\" height=\"441\" src=\"https:\/\/mire.gob.pa\/multimedia\/wp-content\/uploads\/2019\/09\/IMG-20190924-WA0011-700x441.jpg\" class=\"attachment-recent-posts size-recent-posts\" alt=\"\" srcset=\"https:\/\/mire.gob.pa\/multimedia\/wp-content\/uploads\/2019\/09\/IMG-20190924-WA0011-320x202.jpg 320w, https:\/\/mire.gob.pa\/multimedia\/wp-content\/uploads\/2019\/09\/IMG-20190924-WA0011-700x441.jpg 700w\" sizes=\"(max-width: 700px) 100vw, 700px\" \/><\/a><\/li><li><a href=\"https:\/\/mire.gob.pa\/multimedia\/panama-apoya-resoluciones-del-grupo-de-lima-del-grupo-internacional-de-contacto-y-del-organo-de-consulta-en-aplicacion-del-tratado-interamericano-de-asistencia-reciproca-sobre-la-crisis-de-venezuela\/\" aria-label=\"PANAM\u00c1 APOYA RESOLUCIONES DEL GRUPO DE LIMA, DEL GRUPO INTERNACIONAL DE CONTACTO Y DEL \u00d3RGANO DE CONSULTA EN APLICACI\u00d3N DEL TRATADO INTERAMERICANO DE ASISTENCIA REC\u00cdPROCA SOBRE LA CRISIS DE VENEZUELA.\" class=\"hover-type-none\"><img decoding=\"async\" width=\"700\" height=\"441\" src=\"https:\/\/mire.gob.pa\/multimedia\/wp-content\/uploads\/2019\/09\/IMG-20190924-WA0018-700x441.jpg\" class=\"attachment-recent-posts size-recent-posts\" alt=\"\" srcset=\"https:\/\/mire.gob.pa\/multimedia\/wp-content\/uploads\/2019\/09\/IMG-20190924-WA0018-320x202.jpg 320w, https:\/\/mire.gob.pa\/multimedia\/wp-content\/uploads\/2019\/09\/IMG-20190924-WA0018-700x441.jpg 700w\" sizes=\"(max-width: 700px) 100vw, 700px\" \/><\/a><\/li><\/ul><\/div><div class=\"recent-posts-content\"><span class=\"vcard\" style=\"display: none;\"><span class=\"fn\"><a href=\"https:\/\/mire.gob.pa\/multimedia\/author\/jbagonzalez\/\" title=\"Entradas de jbagonzalez\" rel=\"author\">jbagonzalez<\/a><\/span><\/span><span class=\"updated\" style=\"display:none;\">2019-09-24T16:01:21+02:00<\/span><h4 class=\"entry-title\"><a href=\"https:\/\/mire.gob.pa\/multimedia\/panama-apoya-resoluciones-del-grupo-de-lima-del-grupo-internacional-de-contacto-y-del-organo-de-consulta-en-aplicacion-del-tratado-interamericano-de-asistencia-reciproca-sobre-la-crisis-de-venezuela\/\">PANAM\u00c1 APOYA RESOLUCIONES DEL GRUPO DE LIMA, DEL GRUPO INTERNACIONAL DE CONTACTO Y DEL \u00d3RGANO DE CONSULTA EN APLICACI\u00d3N DEL TRATADO INTERAMERICANO DE ASISTENCIA REC\u00cdPROCA SOBRE LA CRISIS DE VENEZUELA.<\/a><\/h4><\/div><\/article><article class=\"post fusion-column column col col-lg-4 col-md-4 col-sm-4\"><div class=\"fusion-flexslider fusion-flexslider-loading flexslider flexslider-hover-type-none\"><ul class=\"slides\"><li><a href=\"https:\/\/mire.gob.pa\/multimedia\/realizan-conversatorio-sobre-exposicion-dali-frente-a-miro\/\" aria-label=\"REALIZAN CONVERSATORIO SOBRE EXPOSICI\u00d3N: DAL\u00cd FRENTE A MIR\u00d3\" class=\"hover-type-none\"><img decoding=\"async\" width=\"700\" height=\"441\" src=\"https:\/\/mire.gob.pa\/multimedia\/wp-content\/uploads\/2019\/09\/DAL\u00cd-MIR\u00d3-3-700x441.jpg\" class=\"attachment-recent-posts size-recent-posts\" alt=\"\" srcset=\"https:\/\/mire.gob.pa\/multimedia\/wp-content\/uploads\/2019\/09\/DAL\u00cd-MIR\u00d3-3-320x202.jpg 320w, https:\/\/mire.gob.pa\/multimedia\/wp-content\/uploads\/2019\/09\/DAL\u00cd-MIR\u00d3-3-700x441.jpg 700w\" sizes=\"(max-width: 700px) 100vw, 700px\" \/><\/a><\/li><\/ul><\/div><div class=\"recent-posts-content\"><span class=\"vcard\" style=\"display: none;\"><span class=\"fn\"><a href=\"https:\/\/mire.gob.pa\/multimedia\/author\/avaldes\/\" title=\"Entradas de Ammi Valdes\" rel=\"author\">Ammi Valdes<\/a><\/span><\/span><span class=\"updated\" style=\"display:none;\">2019-09-20T15:35:04+02:00<\/span><h4 class=\"entry-title\"><a href=\"https:\/\/mire.gob.pa\/multimedia\/realizan-conversatorio-sobre-exposicion-dali-frente-a-miro\/\">REALIZAN CONVERSATORIO SOBRE EXPOSICI\u00d3N: DAL\u00cd FRENTE A MIR\u00d3<\/a><\/h4><\/div><\/article><article class=\"post fusion-column column col col-lg-4 col-md-4 col-sm-4\"><div class=\"recent-posts-content\"><span class=\"vcard\" style=\"display: none;\"><span class=\"fn\"><a href=\"https:\/\/mire.gob.pa\/multimedia\/author\/avaldes\/\" title=\"Entradas de Ammi Valdes\" rel=\"author\">Ammi Valdes<\/a><\/span><\/span><span class=\"updated\" style=\"display:none;\">2019-09-19T22:43:29+02:00<\/span><h4 class=\"entry-title\"><a href=\"https:\/\/mire.gob.pa\/multimedia\/vicecanciller-se-reune-con-embajadora-de-eslovaquia\/\">VICECANCILLER SE RE\u00daNE CON EMBAJADORA DE ESLOVAQUIA<\/a><\/h4><\/div><\/article><\/section><div class=\"pagination clearfix\"><span class=\"current\">1<\/span><a href=\"https:\/\/mire.gob.pa\/multimedia\/wp-json\/wp\/v2\/pages\/850\/page\/2\/\" class=\"inactive\">2<\/a><a class=\"pagination-next\" rel=\"next\" href=\"https:\/\/mire.gob.pa\/multimedia\/wp-json\/wp\/v2\/pages\/850\/page\/2\/\"><span class=\"page-text\">Siguiente<\/span><span class=\"page-next\"><\/span><\/a><\/div><div class=\"fusion-clearfix\"><\/div><\/div><div class=\"fusion-clearfix\"><\/div><\/div><\/div><\/div><\/div>\n","protected":false},"excerpt":{"rendered":"","protected":false},"author":1,"featured_media":0,"parent":0,"menu_order":0,"comment_status":"closed","ping_status":"closed","template":"","meta":{"footnotes":""},"class_list":["post-850","page","type-page","status-publish","hentry"],"_links":{"self":[{"href":"https:\/\/mire.gob.pa\/multimedia\/wp-json\/wp\/v2\/pages\/850","targetHints":{"allow":["GET"]}}],"collection":[{"href":"https:\/\/mire.gob.pa\/multimedia\/wp-json\/wp\/v2\/pages"}],"about":[{"href":"https:\/\/mire.gob.pa\/multimedia\/wp-json\/wp\/v2\/types\/page"}],"author":[{"embeddable":true,"href":"https:\/\/mire.gob.pa\/multimedia\/wp-json\/wp\/v2\/users\/1"}],"replies":[{"embeddable":true,"href":"https:\/\/mire.gob.pa\/multimedia\/wp-json\/wp\/v2\/comments?post=850"}],"version-history":[{"count":26,"href":"https:\/\/mire.gob.pa\/multimedia\/wp-json\/wp\/v2\/pages\/850\/revisions"}],"predecessor-version":[{"id":1759,"href":"https:\/\/mire.gob.pa\/multimedia\/wp-json\/wp\/v2\/pages\/850\/revisions\/1759"}],"wp:attachment":[{"href":"https:\/\/mire.gob.pa\/multimedia\/wp-json\/wp\/v2\/media?parent=850"}],"curies":[{"name":"wp","href":"https:\/\/api.w.org\/{rel}","templated":true}]}}